{"id":3040,"date":"2025-03-26T15:52:23","date_gmt":"2025-03-26T15:52:23","guid":{"rendered":"https:\/\/radioiep.com\/site\/?page_id=3040"},"modified":"2025-03-26T16:02:23","modified_gmt":"2025-03-26T16:02:23","slug":"fotos","status":"publish","type":"page","link":"https:\/\/radioiep.com\/site\/fotos\/","title":{"rendered":"FOTOS"},"content":{"rendered":"\t\t<div data-elementor-type=\"wp-page\" data-elementor-id=\"3040\" class=\"elementor elementor-3040\" data-elementor-post-type=\"page\">\n\t\t\t\t\t\t<section class=\"elementor-section elementor-top-section elementor-element elementor-element-7482c9a elementor-section-boxed elementor-section-height-default elementor-section-height-default\" data-id=\"7482c9a\" data-element_type=\"section\" data-settings=\"{&quot;background_background&quot;:&quot;classic&quot;}\">\n\t\t\t\t\t\t\t<div class=\"elementor-background-overlay\"><\/div>\n\t\t\t\t\t\t\t<div class=\"elementor-container elementor-column-gap-default\">\n\t\t\t\t\t<div class=\"elementor-column elementor-col-100 elementor-top-column elementor-element elementor-element-6df8299e\" data-id=\"6df8299e\" data-element_type=\"column\">\n\t\t\t<div class=\"elementor-widget-wrap elementor-element-populated\">\n\t\t\t\t\t\t<div class=\"elementor-element elementor-element-5584a9e1 elementor-widget__width-auto elementor-invisible elementor-widget elementor-widget-image\" data-id=\"5584a9e1\" data-element_type=\"widget\" data-settings=\"{&quot;_animation&quot;:&quot;rotateIn&quot;,&quot;_animation_delay&quot;:720}\" data-widget_type=\"image.default\">\n\t\t\t\t<div class=\"elementor-widget-container\">\n\t\t\t\t\t\t\t\t\t\t\t\t\t\t\t<img decoding=\"async\" width=\"189\" height=\"203\" src=\"https:\/\/radioiep.com\/site\/wp-content\/uploads\/2021\/05\/logo-simple.png\" class=\"attachment-full size-full wp-image-785\" alt=\"\" \/>\t\t\t\t\t\t\t\t\t\t\t\t\t\t\t<\/div>\n\t\t\t\t<\/div>\n\t\t\t\t<div class=\"elementor-element elementor-element-70075be4 elementor-invisible elementor-widget elementor-widget-heading\" data-id=\"70075be4\" data-element_type=\"widget\" data-settings=\"{&quot;_animation&quot;:&quot;fadeInDown&quot;}\" data-widget_type=\"heading.default\">\n\t\t\t\t<div class=\"elementor-widget-container\">\n\t\t\t\t\t<h2 class=\"elementor-heading-title elementor-size-default\">FOTOS<\/h2>\t\t\t\t<\/div>\n\t\t\t\t<\/div>\n\t\t\t\t\t<\/div>\n\t\t<\/div>\n\t\t\t\t\t<\/div>\n\t\t<\/section>\n\t\t\t\t<section class=\"elementor-section elementor-top-section elementor-element elementor-element-4e913723 elementor-reverse-tablet elementor-reverse-mobile elementor-section-boxed elementor-section-height-default elementor-section-height-default\" data-id=\"4e913723\" data-element_type=\"section\">\n\t\t\t\t\t\t<div class=\"elementor-container elementor-column-gap-default\">\n\t\t\t\t\t<div class=\"elementor-column elementor-col-100 elementor-top-column elementor-element elementor-element-70d288a7\" data-id=\"70d288a7\" data-element_type=\"column\">\n\t\t\t<div class=\"elementor-widget-wrap elementor-element-populated\">\n\t\t\t\t\t\t<div class=\"elementor-element elementor-element-69e6f998 elementor-invisible elementor-widget elementor-widget-heading\" data-id=\"69e6f998\" data-element_type=\"widget\" data-settings=\"{&quot;_animation&quot;:&quot;fadeInUp&quot;}\" data-widget_type=\"heading.default\">\n\t\t\t\t<div class=\"elementor-widget-container\">\n\t\t\t\t\t<h2 class=\"elementor-heading-title elementor-size-default\">Momentos que Conectam Culturas<\/h2>\t\t\t\t<\/div>\n\t\t\t\t<\/div>\n\t\t\t\t<div class=\"elementor-element elementor-element-3c64b184 elementor-widget elementor-widget-text-editor\" data-id=\"3c64b184\" data-element_type=\"widget\" data-widget_type=\"text-editor.default\">\n\t\t\t\t<div class=\"elementor-widget-container\">\n\t\t\t\t\t\t\t\t\t<p class=\"\" data-start=\"282\" data-end=\"561\">Nesta galeria, voc\u00ea confere registros especiais dos projetos, eventos, a\u00e7\u00f5es sociais e encontros promovidos pela RIEP \u2013 R\u00e1dio Internacional em Portugu\u00eas. Cada imagem carrega a energia, a diversidade e a uni\u00e3o que a l\u00edngua portuguesa inspira entre os povos lus\u00f3fonos.<\/p><p class=\"\" data-start=\"563\" data-end=\"625\">Explore, compartilhe e sinta a for\u00e7a dessa rede multicultural!<\/p>\t\t\t\t\t\t\t\t<\/div>\n\t\t\t\t<\/div>\n\t\t\t\t\t<\/div>\n\t\t<\/div>\n\t\t\t\t\t<\/div>\n\t\t<\/section>\n\t\t<div class=\"elementor-element elementor-element-dacd0f8 e-flex e-con-boxed e-con e-parent\" data-id=\"dacd0f8\" data-element_type=\"container\">\n\t\t\t\t\t<div class=\"e-con-inner\">\n\t\t\t\t<div class=\"elementor-element elementor-element-c3f5d8e elementor-widget elementor-widget-gallery\" data-id=\"c3f5d8e\" data-element_type=\"widget\" data-settings=\"{&quot;lazyload&quot;:&quot;yes&quot;,&quot;gallery_layout&quot;:&quot;grid&quot;,&quot;columns&quot;:4,&quot;columns_tablet&quot;:2,&quot;columns_mobile&quot;:1,&quot;gap&quot;:{&quot;unit&quot;:&quot;px&quot;,&quot;size&quot;:10,&quot;sizes&quot;:[]},&quot;gap_tablet&quot;:{&quot;unit&quot;:&quot;px&quot;,&quot;size&quot;:10,&quot;sizes&quot;:[]},&quot;gap_mobile&quot;:{&quot;unit&quot;:&quot;px&quot;,&quot;size&quot;:10,&quot;sizes&quot;:[]},&quot;link_to&quot;:&quot;file&quot;,&quot;aspect_ratio&quot;:&quot;3:2&quot;,&quot;overlay_background&quot;:&quot;yes&quot;,&quot;content_hover_animation&quot;:&quot;fade-in&quot;}\" data-widget_type=\"gallery.default\">\n\t\t\t\t<div class=\"elementor-widget-container\">\n\t\t\t\t\t\t\t<div class=\"elementor-gallery__container\">\n\t\t\t\t\t\t\t<a class=\"e-gallery-item elementor-gallery-item elementor-animated-content\" href=\"https:\/\/radioiep.com\/site\/wp-content\/uploads\/2025\/03\/SaveClip.App_465306657_1093915185600810_8224342040299785790_n.jpg\" data-elementor-open-lightbox=\"yes\" data-elementor-lightbox-slideshow=\"c3f5d8e\" data-elementor-lightbox-title=\"SaveClip.App_465306657_1093915185600810_8224342040299785790_n\" data-e-action-hash=\"#elementor-action%3Aaction%3Dlightbox%26settings%3DeyJpZCI6MzA0NywidXJsIjoiaHR0cHM6XC9cL3JhZGlvaWVwLmNvbVwvc2l0ZVwvd3AtY29udGVudFwvdXBsb2Fkc1wvMjAyNVwvMDNcL1NhdmVDbGlwLkFwcF80NjUzMDY2NTdfMTA5MzkxNTE4NTYwMDgxMF84MjI0MzQyMDQwMjk5Nzg1NzkwX24uanBnIiwic2xpZGVzaG93IjoiYzNmNWQ4ZSJ9\">\n\t\t\t\t\t<div class=\"e-gallery-image elementor-gallery-item__image\" data-thumbnail=\"https:\/\/radioiep.com\/site\/wp-content\/uploads\/2025\/03\/SaveClip.App_465306657_1093915185600810_8224342040299785790_n-300x300.jpg\" data-width=\"300\" data-height=\"300\" aria-label=\"\" role=\"img\" ><\/div>\n\t\t\t\t\t\t\t\t\t\t\t<div class=\"elementor-gallery-item__overlay\"><\/div>\n\t\t\t\t\t\t\t\t\t\t\t\t\t\t<\/a>\n\t\t\t\t\t\t\t<a class=\"e-gallery-item elementor-gallery-item elementor-animated-content\" href=\"https:\/\/radioiep.com\/site\/wp-content\/uploads\/2025\/03\/SaveClip.App_466788795_1529968357879677_2670763770579733221_n.jpg\" data-elementor-open-lightbox=\"yes\" data-elementor-lightbox-slideshow=\"c3f5d8e\" data-elementor-lightbox-title=\"SaveClip.App_466788795_1529968357879677_2670763770579733221_n\" data-e-action-hash=\"#elementor-action%3Aaction%3Dlightbox%26settings%3DeyJpZCI6MzA0OCwidXJsIjoiaHR0cHM6XC9cL3JhZGlvaWVwLmNvbVwvc2l0ZVwvd3AtY29udGVudFwvdXBsb2Fkc1wvMjAyNVwvMDNcL1NhdmVDbGlwLkFwcF80NjY3ODg3OTVfMTUyOTk2ODM1Nzg3OTY3N18yNjcwNzYzNzcwNTc5NzMzMjIxX24uanBnIiwic2xpZGVzaG93IjoiYzNmNWQ4ZSJ9\">\n\t\t\t\t\t<div class=\"e-gallery-image elementor-gallery-item__image\" data-thumbnail=\"https:\/\/radioiep.com\/site\/wp-content\/uploads\/2025\/03\/SaveClip.App_466788795_1529968357879677_2670763770579733221_n-300x300.jpg\" data-width=\"300\" data-height=\"300\" aria-label=\"\" role=\"img\" ><\/div>\n\t\t\t\t\t\t\t\t\t\t\t<div class=\"elementor-gallery-item__overlay\"><\/div>\n\t\t\t\t\t\t\t\t\t\t\t\t\t\t<\/a>\n\t\t\t\t\t\t\t<a class=\"e-gallery-item elementor-gallery-item elementor-animated-content\" href=\"https:\/\/radioiep.com\/site\/wp-content\/uploads\/2025\/03\/SaveClip.App_468160644_18027175727392130_1113652571171541458_n.jpg\" data-elementor-open-lightbox=\"yes\" data-elementor-lightbox-slideshow=\"c3f5d8e\" data-elementor-lightbox-title=\"SaveClip.App_468160644_18027175727392130_1113652571171541458_n\" data-e-action-hash=\"#elementor-action%3Aaction%3Dlightbox%26settings%3DeyJpZCI6MzA0OSwidXJsIjoiaHR0cHM6XC9cL3JhZGlvaWVwLmNvbVwvc2l0ZVwvd3AtY29udGVudFwvdXBsb2Fkc1wvMjAyNVwvMDNcL1NhdmVDbGlwLkFwcF80NjgxNjA2NDRfMTgwMjcxNzU3MjczOTIxMzBfMTExMzY1MjU3MTE3MTU0MTQ1OF9uLmpwZyIsInNsaWRlc2hvdyI6ImMzZjVkOGUifQ%3D%3D\">\n\t\t\t\t\t<div class=\"e-gallery-image elementor-gallery-item__image\" data-thumbnail=\"https:\/\/radioiep.com\/site\/wp-content\/uploads\/2025\/03\/SaveClip.App_468160644_18027175727392130_1113652571171541458_n-300x163.jpg\" data-width=\"300\" data-height=\"163\" aria-label=\"\" role=\"img\" ><\/div>\n\t\t\t\t\t\t\t\t\t\t\t<div class=\"elementor-gallery-item__overlay\"><\/div>\n\t\t\t\t\t\t\t\t\t\t\t\t\t\t<\/a>\n\t\t\t\t\t\t\t<a class=\"e-gallery-item elementor-gallery-item elementor-animated-content\" href=\"https:\/\/radioiep.com\/site\/wp-content\/uploads\/2025\/03\/SaveClip.App_468274355_18027477983392130_8147162723526933653_n.jpg\" data-elementor-open-lightbox=\"yes\" data-elementor-lightbox-slideshow=\"c3f5d8e\" data-elementor-lightbox-title=\"SaveClip.App_468274355_18027477983392130_8147162723526933653_n\" data-e-action-hash=\"#elementor-action%3Aaction%3Dlightbox%26settings%3DeyJpZCI6MzA1MCwidXJsIjoiaHR0cHM6XC9cL3JhZGlvaWVwLmNvbVwvc2l0ZVwvd3AtY29udGVudFwvdXBsb2Fkc1wvMjAyNVwvMDNcL1NhdmVDbGlwLkFwcF80NjgyNzQzNTVfMTgwMjc0Nzc5ODMzOTIxMzBfODE0NzE2MjcyMzUyNjkzMzY1M19uLmpwZyIsInNsaWRlc2hvdyI6ImMzZjVkOGUifQ%3D%3D\">\n\t\t\t\t\t<div class=\"e-gallery-image elementor-gallery-item__image\" data-thumbnail=\"https:\/\/radioiep.com\/site\/wp-content\/uploads\/2025\/03\/SaveClip.App_468274355_18027477983392130_8147162723526933653_n-240x300.jpg\" data-width=\"240\" data-height=\"300\" aria-label=\"\" role=\"img\" ><\/div>\n\t\t\t\t\t\t\t\t\t\t\t<div class=\"elementor-gallery-item__overlay\"><\/div>\n\t\t\t\t\t\t\t\t\t\t\t\t\t\t<\/a>\n\t\t\t\t\t\t\t<a class=\"e-gallery-item elementor-gallery-item elementor-animated-content\" href=\"https:\/\/radioiep.com\/site\/wp-content\/uploads\/2025\/03\/SaveClip.App_468347504_18027477965392130_927778635202639076_n.jpg\" data-elementor-open-lightbox=\"yes\" data-elementor-lightbox-slideshow=\"c3f5d8e\" data-elementor-lightbox-title=\"SaveClip.App_468347504_18027477965392130_927778635202639076_n\" data-e-action-hash=\"#elementor-action%3Aaction%3Dlightbox%26settings%3DeyJpZCI6MzA1MSwidXJsIjoiaHR0cHM6XC9cL3JhZGlvaWVwLmNvbVwvc2l0ZVwvd3AtY29udGVudFwvdXBsb2Fkc1wvMjAyNVwvMDNcL1NhdmVDbGlwLkFwcF80NjgzNDc1MDRfMTgwMjc0Nzc5NjUzOTIxMzBfOTI3Nzc4NjM1MjAyNjM5MDc2X24uanBnIiwic2xpZGVzaG93IjoiYzNmNWQ4ZSJ9\">\n\t\t\t\t\t<div class=\"e-gallery-image elementor-gallery-item__image\" data-thumbnail=\"https:\/\/radioiep.com\/site\/wp-content\/uploads\/2025\/03\/SaveClip.App_468347504_18027477965392130_927778635202639076_n-240x300.jpg\" data-width=\"240\" data-height=\"300\" aria-label=\"\" role=\"img\" ><\/div>\n\t\t\t\t\t\t\t\t\t\t\t<div class=\"elementor-gallery-item__overlay\"><\/div>\n\t\t\t\t\t\t\t\t\t\t\t\t\t\t<\/a>\n\t\t\t\t\t\t\t<a class=\"e-gallery-item elementor-gallery-item elementor-animated-content\" href=\"https:\/\/radioiep.com\/site\/wp-content\/uploads\/2025\/03\/SaveClip.App_468349001_18027478013392130_6173957379608775797_n.jpg\" data-elementor-open-lightbox=\"yes\" data-elementor-lightbox-slideshow=\"c3f5d8e\" data-elementor-lightbox-title=\"SaveClip.App_468349001_18027478013392130_6173957379608775797_n\" data-e-action-hash=\"#elementor-action%3Aaction%3Dlightbox%26settings%3DeyJpZCI6MzA1MiwidXJsIjoiaHR0cHM6XC9cL3JhZGlvaWVwLmNvbVwvc2l0ZVwvd3AtY29udGVudFwvdXBsb2Fkc1wvMjAyNVwvMDNcL1NhdmVDbGlwLkFwcF80NjgzNDkwMDFfMTgwMjc0NzgwMTMzOTIxMzBfNjE3Mzk1NzM3OTYwODc3NTc5N19uLmpwZyIsInNsaWRlc2hvdyI6ImMzZjVkOGUifQ%3D%3D\">\n\t\t\t\t\t<div class=\"e-gallery-image elementor-gallery-item__image\" data-thumbnail=\"https:\/\/radioiep.com\/site\/wp-content\/uploads\/2025\/03\/SaveClip.App_468349001_18027478013392130_6173957379608775797_n-241x300.jpg\" data-width=\"241\" data-height=\"300\" aria-label=\"\" role=\"img\" ><\/div>\n\t\t\t\t\t\t\t\t\t\t\t<div class=\"elementor-gallery-item__overlay\"><\/div>\n\t\t\t\t\t\t\t\t\t\t\t\t\t\t<\/a>\n\t\t\t\t\t\t\t<a class=\"e-gallery-item elementor-gallery-item elementor-animated-content\" href=\"https:\/\/radioiep.com\/site\/wp-content\/uploads\/2025\/03\/SaveClip.App_468395710_18027477956392130_4616841695207958307_n.jpg\" data-elementor-open-lightbox=\"yes\" data-elementor-lightbox-slideshow=\"c3f5d8e\" data-elementor-lightbox-title=\"SaveClip.App_468395710_18027477956392130_4616841695207958307_n\" data-e-action-hash=\"#elementor-action%3Aaction%3Dlightbox%26settings%3DeyJpZCI6MzA1MywidXJsIjoiaHR0cHM6XC9cL3JhZGlvaWVwLmNvbVwvc2l0ZVwvd3AtY29udGVudFwvdXBsb2Fkc1wvMjAyNVwvMDNcL1NhdmVDbGlwLkFwcF80NjgzOTU3MTBfMTgwMjc0Nzc5NTYzOTIxMzBfNDYxNjg0MTY5NTIwNzk1ODMwN19uLmpwZyIsInNsaWRlc2hvdyI6ImMzZjVkOGUifQ%3D%3D\">\n\t\t\t\t\t<div class=\"e-gallery-image elementor-gallery-item__image\" data-thumbnail=\"https:\/\/radioiep.com\/site\/wp-content\/uploads\/2025\/03\/SaveClip.App_468395710_18027477956392130_4616841695207958307_n-240x300.jpg\" data-width=\"240\" data-height=\"300\" aria-label=\"\" role=\"img\" ><\/div>\n\t\t\t\t\t\t\t\t\t\t\t<div class=\"elementor-gallery-item__overlay\"><\/div>\n\t\t\t\t\t\t\t\t\t\t\t\t\t\t<\/a>\n\t\t\t\t\t\t\t<a class=\"e-gallery-item elementor-gallery-item elementor-animated-content\" href=\"https:\/\/radioiep.com\/site\/wp-content\/uploads\/2025\/03\/SaveClip.App_468436091_18027478001392130_8863417501638121257_n.jpg\" data-elementor-open-lightbox=\"yes\" data-elementor-lightbox-slideshow=\"c3f5d8e\" data-elementor-lightbox-title=\"SaveClip.App_468436091_18027478001392130_8863417501638121257_n\" data-e-action-hash=\"#elementor-action%3Aaction%3Dlightbox%26settings%3DeyJpZCI6MzA1NCwidXJsIjoiaHR0cHM6XC9cL3JhZGlvaWVwLmNvbVwvc2l0ZVwvd3AtY29udGVudFwvdXBsb2Fkc1wvMjAyNVwvMDNcL1NhdmVDbGlwLkFwcF80Njg0MzYwOTFfMTgwMjc0NzgwMDEzOTIxMzBfODg2MzQxNzUwMTYzODEyMTI1N19uLmpwZyIsInNsaWRlc2hvdyI6ImMzZjVkOGUifQ%3D%3D\">\n\t\t\t\t\t<div class=\"e-gallery-image elementor-gallery-item__image\" data-thumbnail=\"https:\/\/radioiep.com\/site\/wp-content\/uploads\/2025\/03\/SaveClip.App_468436091_18027478001392130_8863417501638121257_n-241x300.jpg\" data-width=\"241\" data-height=\"300\" aria-label=\"\" role=\"img\" ><\/div>\n\t\t\t\t\t\t\t\t\t\t\t<div class=\"elementor-gallery-item__overlay\"><\/div>\n\t\t\t\t\t\t\t\t\t\t\t\t\t\t<\/a>\n\t\t\t\t\t\t\t<a class=\"e-gallery-item elementor-gallery-item elementor-animated-content\" href=\"https:\/\/radioiep.com\/site\/wp-content\/uploads\/2025\/03\/SaveClip.App_468455915_18027477980392130_3244853442046121247_n.jpg\" data-elementor-open-lightbox=\"yes\" data-elementor-lightbox-slideshow=\"c3f5d8e\" data-elementor-lightbox-title=\"SaveClip.App_468455915_18027477980392130_3244853442046121247_n\" data-e-action-hash=\"#elementor-action%3Aaction%3Dlightbox%26settings%3DeyJpZCI6MzA1NSwidXJsIjoiaHR0cHM6XC9cL3JhZGlvaWVwLmNvbVwvc2l0ZVwvd3AtY29udGVudFwvdXBsb2Fkc1wvMjAyNVwvMDNcL1NhdmVDbGlwLkFwcF80Njg0NTU5MTVfMTgwMjc0Nzc5ODAzOTIxMzBfMzI0NDg1MzQ0MjA0NjEyMTI0N19uLmpwZyIsInNsaWRlc2hvdyI6ImMzZjVkOGUifQ%3D%3D\">\n\t\t\t\t\t<div class=\"e-gallery-image elementor-gallery-item__image\" data-thumbnail=\"https:\/\/radioiep.com\/site\/wp-content\/uploads\/2025\/03\/SaveClip.App_468455915_18027477980392130_3244853442046121247_n-241x300.jpg\" data-width=\"241\" data-height=\"300\" aria-label=\"\" role=\"img\" ><\/div>\n\t\t\t\t\t\t\t\t\t\t\t<div class=\"elementor-gallery-item__overlay\"><\/div>\n\t\t\t\t\t\t\t\t\t\t\t\t\t\t<\/a>\n\t\t\t\t\t\t\t<a class=\"e-gallery-item elementor-gallery-item elementor-animated-content\" href=\"https:\/\/radioiep.com\/site\/wp-content\/uploads\/2025\/03\/SaveClip.App_468468994_18027477992392130_9007279357694951068_n.jpg\" data-elementor-open-lightbox=\"yes\" data-elementor-lightbox-slideshow=\"c3f5d8e\" data-elementor-lightbox-title=\"SaveClip.App_468468994_18027477992392130_9007279357694951068_n\" data-e-action-hash=\"#elementor-action%3Aaction%3Dlightbox%26settings%3DeyJpZCI6MzA1NiwidXJsIjoiaHR0cHM6XC9cL3JhZGlvaWVwLmNvbVwvc2l0ZVwvd3AtY29udGVudFwvdXBsb2Fkc1wvMjAyNVwvMDNcL1NhdmVDbGlwLkFwcF80Njg0Njg5OTRfMTgwMjc0Nzc5OTIzOTIxMzBfOTAwNzI3OTM1NzY5NDk1MTA2OF9uLmpwZyIsInNsaWRlc2hvdyI6ImMzZjVkOGUifQ%3D%3D\">\n\t\t\t\t\t<div class=\"e-gallery-image elementor-gallery-item__image\" data-thumbnail=\"https:\/\/radioiep.com\/site\/wp-content\/uploads\/2025\/03\/SaveClip.App_468468994_18027477992392130_9007279357694951068_n-241x300.jpg\" data-width=\"241\" data-height=\"300\" aria-label=\"\" role=\"img\" ><\/div>\n\t\t\t\t\t\t\t\t\t\t\t<div class=\"elementor-gallery-item__overlay\"><\/div>\n\t\t\t\t\t\t\t\t\t\t\t\t\t\t<\/a>\n\t\t\t\t\t\t\t<a class=\"e-gallery-item elementor-gallery-item elementor-animated-content\" href=\"https:\/\/radioiep.com\/site\/wp-content\/uploads\/2025\/03\/SaveClip.App_468501954_18027477947392130_6830607235788206258_n.jpg\" data-elementor-open-lightbox=\"yes\" data-elementor-lightbox-slideshow=\"c3f5d8e\" data-elementor-lightbox-title=\"SaveClip.App_468501954_18027477947392130_6830607235788206258_n\" data-e-action-hash=\"#elementor-action%3Aaction%3Dlightbox%26settings%3DeyJpZCI6MzA1NywidXJsIjoiaHR0cHM6XC9cL3JhZGlvaWVwLmNvbVwvc2l0ZVwvd3AtY29udGVudFwvdXBsb2Fkc1wvMjAyNVwvMDNcL1NhdmVDbGlwLkFwcF80Njg1MDE5NTRfMTgwMjc0Nzc5NDczOTIxMzBfNjgzMDYwNzIzNTc4ODIwNjI1OF9uLmpwZyIsInNsaWRlc2hvdyI6ImMzZjVkOGUifQ%3D%3D\">\n\t\t\t\t\t<div class=\"e-gallery-image elementor-gallery-item__image\" data-thumbnail=\"https:\/\/radioiep.com\/site\/wp-content\/uploads\/2025\/03\/SaveClip.App_468501954_18027477947392130_6830607235788206258_n-240x300.jpg\" data-width=\"240\" data-height=\"300\" aria-label=\"\" role=\"img\" ><\/div>\n\t\t\t\t\t\t\t\t\t\t\t<div class=\"elementor-gallery-item__overlay\"><\/div>\n\t\t\t\t\t\t\t\t\t\t\t\t\t\t<\/a>\n\t\t\t\t\t\t\t<a class=\"e-gallery-item elementor-gallery-item elementor-animated-content\" href=\"https:\/\/radioiep.com\/site\/wp-content\/uploads\/2025\/03\/SaveClip.App_469076976_1219819589106223_3789871017254054510_n.jpg\" data-elementor-open-lightbox=\"yes\" data-elementor-lightbox-slideshow=\"c3f5d8e\" data-elementor-lightbox-title=\"SaveClip.App_469076976_1219819589106223_3789871017254054510_n\" data-e-action-hash=\"#elementor-action%3Aaction%3Dlightbox%26settings%3DeyJpZCI6MzA1OCwidXJsIjoiaHR0cHM6XC9cL3JhZGlvaWVwLmNvbVwvc2l0ZVwvd3AtY29udGVudFwvdXBsb2Fkc1wvMjAyNVwvMDNcL1NhdmVDbGlwLkFwcF80NjkwNzY5NzZfMTIxOTgxOTU4OTEwNjIyM18zNzg5ODcxMDE3MjU0MDU0NTEwX24uanBnIiwic2xpZGVzaG93IjoiYzNmNWQ4ZSJ9\">\n\t\t\t\t\t<div class=\"e-gallery-image elementor-gallery-item__image\" data-thumbnail=\"https:\/\/radioiep.com\/site\/wp-content\/uploads\/2025\/03\/SaveClip.App_469076976_1219819589106223_3789871017254054510_n-300x201.jpg\" data-width=\"300\" data-height=\"201\" aria-label=\"\" role=\"img\" ><\/div>\n\t\t\t\t\t\t\t\t\t\t\t<div class=\"elementor-gallery-item__overlay\"><\/div>\n\t\t\t\t\t\t\t\t\t\t\t\t\t\t<\/a>\n\t\t\t\t\t<\/div>\n\t\t\t\t\t<\/div>\n\t\t\t\t<\/div>\n\t\t\t\t\t<\/div>\n\t\t\t\t<\/div>\n\t\t\t\t<\/div>\n\t\t","protected":false},"excerpt":{"rendered":"<p>FOTOS Momentos que Conectam Culturas Nesta galeria, voc\u00ea confere registros especiais dos projetos, eventos, a\u00e7\u00f5es sociais e encontros promovidos pela RIEP \u2013 R\u00e1dio Internacional em Portugu\u00eas. Cada imagem carrega a energia, a diversidade e a uni\u00e3o que a l\u00edngua portuguesa inspira entre os povos lus\u00f3fonos. Explore, compartilhe e sinta a for\u00e7a dessa rede multicultural!<\/p>\n","protected":false},"author":1,"featured_media":0,"parent":0,"menu_order":0,"comment_status":"closed","ping_status":"closed","template":"elementor_header_footer","meta":{"footnotes":""},"class_list":["post-3040","page","type-page","status-publish","hentry"],"_links":{"self":[{"href":"https:\/\/radioiep.com\/site\/wp-json\/wp\/v2\/pages\/3040","targetHints":{"allow":["GET"]}}],"collection":[{"href":"https:\/\/radioiep.com\/site\/wp-json\/wp\/v2\/pages"}],"about":[{"href":"https:\/\/radioiep.com\/site\/wp-json\/wp\/v2\/types\/page"}],"author":[{"embeddable":true,"href":"https:\/\/radioiep.com\/site\/wp-json\/wp\/v2\/users\/1"}],"replies":[{"embeddable":true,"href":"https:\/\/radioiep.com\/site\/wp-json\/wp\/v2\/comments?post=3040"}],"version-history":[{"count":10,"href":"https:\/\/radioiep.com\/site\/wp-json\/wp\/v2\/pages\/3040\/revisions"}],"predecessor-version":[{"id":3064,"href":"https:\/\/radioiep.com\/site\/wp-json\/wp\/v2\/pages\/3040\/revisions\/3064"}],"wp:attachment":[{"href":"https:\/\/radioiep.com\/site\/wp-json\/wp\/v2\/media?parent=3040"}],"curies":[{"name":"wp","href":"https:\/\/api.w.org\/{rel}","templated":true}]}}