{"id":2866,"date":"2025-03-25T20:47:33","date_gmt":"2025-03-25T20:47:33","guid":{"rendered":"https:\/\/radioiep.com\/site\/?page_id=2866"},"modified":"2025-04-14T15:05:33","modified_gmt":"2025-04-14T15:05:33","slug":"atividades","status":"publish","type":"page","link":"https:\/\/radioiep.com\/site\/atividades\/","title":{"rendered":"Atividades"},"content":{"rendered":"\t\t<div data-elementor-type=\"wp-page\" data-elementor-id=\"2866\" class=\"elementor elementor-2866\" data-elementor-post-type=\"page\">\n\t\t\t\t\t\t<section class=\"elementor-section elementor-top-section elementor-element elementor-element-7e6cb74a elementor-section-boxed elementor-section-height-default elementor-section-height-default\" data-id=\"7e6cb74a\" data-element_type=\"section\" data-settings=\"{&quot;background_background&quot;:&quot;classic&quot;}\">\n\t\t\t\t\t\t\t<div class=\"elementor-background-overlay\"><\/div>\n\t\t\t\t\t\t\t<div class=\"elementor-container elementor-column-gap-default\">\n\t\t\t\t\t<div class=\"elementor-column elementor-col-100 elementor-top-column elementor-element elementor-element-346510c3\" data-id=\"346510c3\" data-element_type=\"column\">\n\t\t\t<div class=\"elementor-widget-wrap elementor-element-populated\">\n\t\t\t\t\t\t<div class=\"elementor-element elementor-element-3f23c571 elementor-widget__width-auto elementor-invisible elementor-widget elementor-widget-image\" data-id=\"3f23c571\" data-element_type=\"widget\" data-settings=\"{&quot;_animation&quot;:&quot;rotateIn&quot;,&quot;_animation_delay&quot;:720}\" data-widget_type=\"image.default\">\n\t\t\t\t<div class=\"elementor-widget-container\">\n\t\t\t\t\t\t\t\t\t\t\t\t\t\t\t<img decoding=\"async\" width=\"189\" height=\"203\" src=\"https:\/\/radioiep.com\/site\/wp-content\/uploads\/2021\/05\/logo-simple.png\" class=\"attachment-full size-full wp-image-785\" alt=\"\" \/>\t\t\t\t\t\t\t\t\t\t\t\t\t\t\t<\/div>\n\t\t\t\t<\/div>\n\t\t\t\t<div class=\"elementor-element elementor-element-49e9b39b elementor-invisible elementor-widget elementor-widget-heading\" data-id=\"49e9b39b\" data-element_type=\"widget\" data-settings=\"{&quot;_animation&quot;:&quot;fadeInDown&quot;}\" data-widget_type=\"heading.default\">\n\t\t\t\t<div class=\"elementor-widget-container\">\n\t\t\t\t\t<h2 class=\"elementor-heading-title elementor-size-default\">Atividades<\/h2>\t\t\t\t<\/div>\n\t\t\t\t<\/div>\n\t\t\t\t<div class=\"elementor-element elementor-element-255a32d7 elementor-invisible elementor-widget elementor-widget-heading\" data-id=\"255a32d7\" data-element_type=\"widget\" data-settings=\"{&quot;_animation&quot;:&quot;fadeInUp&quot;}\" data-widget_type=\"heading.default\">\n\t\t\t\t<div class=\"elementor-widget-container\">\n\t\t\t\t\t<div class=\"elementor-heading-title elementor-size-default\">Conectando Culturas pela L\u00edngua Portuguesa<\/div>\t\t\t\t<\/div>\n\t\t\t\t<\/div>\n\t\t\t\t\t<\/div>\n\t\t<\/div>\n\t\t\t\t\t<\/div>\n\t\t<\/section>\n\t\t\t\t<section class=\"elementor-section elementor-top-section elementor-element elementor-element-7264b511 elementor-reverse-tablet elementor-reverse-mobile elementor-section-boxed elementor-section-height-default elementor-section-height-default\" data-id=\"7264b511\" data-element_type=\"section\">\n\t\t\t\t\t\t<div class=\"elementor-container elementor-column-gap-default\">\n\t\t\t\t\t<div class=\"elementor-column elementor-col-50 elementor-top-column elementor-element elementor-element-34ea4265\" data-id=\"34ea4265\" data-element_type=\"column\">\n\t\t\t<div class=\"elementor-widget-wrap elementor-element-populated\">\n\t\t\t\t\t\t<div class=\"elementor-element elementor-element-18bf8b81 elementor-widget elementor-widget-image\" data-id=\"18bf8b81\" data-element_type=\"widget\" data-widget_type=\"image.default\">\n\t\t\t\t<div class=\"elementor-widget-container\">\n\t\t\t\t\t\t\t\t\t\t\t\t\t\t\t<img fetchpriority=\"high\" decoding=\"async\" width=\"1024\" height=\"1024\" src=\"https:\/\/radioiep.com\/site\/wp-content\/uploads\/2025\/03\/DALL\u00b7E-2025-03-25-17.36.46-An-inspiring-and-vibrant-illustration-representing-the-mission-of-the-Associacao-Arte-e-Cultura-em-Lingua-Portuguesa-RIEP-\u2013-Radio-Internacional-em-Po.webp\" class=\"attachment-full size-full wp-image-2953\" alt=\"\" srcset=\"https:\/\/radioiep.com\/site\/wp-content\/uploads\/2025\/03\/DALL\u00b7E-2025-03-25-17.36.46-An-inspiring-and-vibrant-illustration-representing-the-mission-of-the-Associacao-Arte-e-Cultura-em-Lingua-Portuguesa-RIEP-\u2013-Radio-Internacional-em-Po.webp 1024w, https:\/\/radioiep.com\/site\/wp-content\/uploads\/2025\/03\/DALL\u00b7E-2025-03-25-17.36.46-An-inspiring-and-vibrant-illustration-representing-the-mission-of-the-Associacao-Arte-e-Cultura-em-Lingua-Portuguesa-RIEP-\u2013-Radio-Internacional-em-Po-300x300.webp 300w, https:\/\/radioiep.com\/site\/wp-content\/uploads\/2025\/03\/DALL\u00b7E-2025-03-25-17.36.46-An-inspiring-and-vibrant-illustration-representing-the-mission-of-the-Associacao-Arte-e-Cultura-em-Lingua-Portuguesa-RIEP-\u2013-Radio-Internacional-em-Po-150x150.webp 150w, https:\/\/radioiep.com\/site\/wp-content\/uploads\/2025\/03\/DALL\u00b7E-2025-03-25-17.36.46-An-inspiring-and-vibrant-illustration-representing-the-mission-of-the-Associacao-Arte-e-Cultura-em-Lingua-Portuguesa-RIEP-\u2013-Radio-Internacional-em-Po-768x768.webp 768w\" sizes=\"(max-width: 1024px) 100vw, 1024px\" \/>\t\t\t\t\t\t\t\t\t\t\t\t\t\t\t<\/div>\n\t\t\t\t<\/div>\n\t\t\t\t\t<\/div>\n\t\t<\/div>\n\t\t\t\t<div class=\"elementor-column elementor-col-50 elementor-top-column elementor-element elementor-element-77f0cd17\" data-id=\"77f0cd17\" data-element_type=\"column\">\n\t\t\t<div class=\"elementor-widget-wrap elementor-element-populated\">\n\t\t\t\t\t\t<div class=\"elementor-element elementor-element-69ce5fc7 elementor-invisible elementor-widget elementor-widget-heading\" data-id=\"69ce5fc7\" data-element_type=\"widget\" data-settings=\"{&quot;_animation&quot;:&quot;fadeInUp&quot;}\" data-widget_type=\"heading.default\">\n\t\t\t\t<div class=\"elementor-widget-container\">\n\t\t\t\t\t<h2 class=\"elementor-heading-title elementor-size-default\">Miss\u00e3o Cultural da Associa\u00e7\u00e3o Arte e Cultura em L\u00edngua Portuguesa<\/h2>\t\t\t\t<\/div>\n\t\t\t\t<\/div>\n\t\t\t\t<div class=\"elementor-element elementor-element-5d711021 elementor-widget elementor-widget-text-editor\" data-id=\"5d711021\" data-element_type=\"widget\" data-widget_type=\"text-editor.default\">\n\t\t\t\t<div class=\"elementor-widget-container\">\n\t\t\t\t\t\t\t\t\t<p class=\"\" data-start=\"90\" data-end=\"527\">A <strong data-start=\"92\" data-end=\"142\">Associa\u00e7\u00e3o Arte e Cultura em L\u00edngua Portuguesa<\/strong> desenvolver\u00e1 suas atividades em conjunto com seus associados por meio da elabora\u00e7\u00e3o, promo\u00e7\u00e3o, produ\u00e7\u00e3o, divulga\u00e7\u00e3o e execu\u00e7\u00e3o de eventos, projetos e programas. Tamb\u00e9m atuar\u00e1 na representa\u00e7\u00e3o institucional, celebra\u00e7\u00e3o de contratos, participa\u00e7\u00e3o em licita\u00e7\u00f5es (inclusive por dispensa ou inexigibilidade), bem como no patroc\u00ednio, desenvolvimento e execu\u00e7\u00e3o de a\u00e7\u00f5es nas seguintes \u00e1reas:<\/p><ul data-start=\"529\" data-end=\"994\"><li class=\"\" data-start=\"529\" data-end=\"595\"><p class=\"\" data-start=\"531\" data-end=\"595\">Cultura, arte, esporte, recrea\u00e7\u00e3o, lazer e atividades l\u00fadicas;<\/p><\/li><li class=\"\" data-start=\"596\" data-end=\"696\"><p class=\"\" data-start=\"598\" data-end=\"696\">Meio ambiente, educa\u00e7\u00e3o, conserva\u00e7\u00e3o e constru\u00e7\u00e3o de espa\u00e7os art\u00edsticos, culturais e esportivos;<\/p><\/li><li class=\"\" data-start=\"697\" data-end=\"838\"><p class=\"\" data-start=\"699\" data-end=\"838\">Presta\u00e7\u00e3o de servi\u00e7os de diversas naturezas nas \u00e1reas de arte, cultura, bibliotecas populares, gera\u00e7\u00e3o de renda, meio ambiente e turismo;<\/p><\/li><li class=\"\" data-start=\"839\" data-end=\"994\"><p class=\"\" data-start=\"841\" data-end=\"994\">Promo\u00e7\u00e3o da assist\u00eancia social e da economia solid\u00e1ria, com foco na cria\u00e7\u00e3o e\/ou manuten\u00e7\u00e3o de equipamentos, espa\u00e7os culturais e incubadoras de projetos.<\/p><\/li><\/ul><p class=\"\" data-start=\"996\" data-end=\"1145\">Essas atividades poder\u00e3o ser desenvolvidas, executadas e administradas diretamente pela associa\u00e7\u00e3o, sempre voltadas ao benef\u00edcio dos seus associados.<\/p><p class=\"\" data-start=\"1147\" data-end=\"1432\">A associa\u00e7\u00e3o contempla a participa\u00e7\u00e3o e integra\u00e7\u00e3o dos pa\u00edses e comunidades de l\u00edngua portuguesa, incluindo: Angola, Brasil, Gal\u00edcia, Portugal, Cabo Verde, Guin\u00e9-Bissau, Macau, Goa, S\u00e3o Tom\u00e9 e Pr\u00edncipe, Mo\u00e7ambique, Timor-Leste, al\u00e9m de outras comunidades falantes da l\u00edngua portuguesa.<\/p>\t\t\t\t\t\t\t\t<\/div>\n\t\t\t\t<\/div>\n\t\t\t\t\t<\/div>\n\t\t<\/div>\n\t\t\t\t\t<\/div>\n\t\t<\/section>\n\t\t\t\t<\/div>\n\t\t","protected":false},"excerpt":{"rendered":"<p>Atividades Conectando Culturas pela L\u00edngua Portuguesa Miss\u00e3o Cultural da Associa\u00e7\u00e3o Arte e Cultura em L\u00edngua Portuguesa A Associa\u00e7\u00e3o Arte e Cultura em L\u00edngua Portuguesa desenvolver\u00e1 suas atividades em conjunto com seus associados por meio da elabora\u00e7\u00e3o, promo\u00e7\u00e3o, produ\u00e7\u00e3o, divulga\u00e7\u00e3o e execu\u00e7\u00e3o de eventos, projetos e programas. Tamb\u00e9m atuar\u00e1 na representa\u00e7\u00e3o institucional, celebra\u00e7\u00e3o de contratos, participa\u00e7\u00e3o [&hellip;]<\/p>\n","protected":false},"author":1,"featured_media":0,"parent":0,"menu_order":0,"comment_status":"closed","ping_status":"closed","template":"elementor_header_footer","meta":{"footnotes":""},"class_list":["post-2866","page","type-page","status-publish","hentry"],"_links":{"self":[{"href":"https:\/\/radioiep.com\/site\/wp-json\/wp\/v2\/pages\/2866","targetHints":{"allow":["GET"]}}],"collection":[{"href":"https:\/\/radioiep.com\/site\/wp-json\/wp\/v2\/pages"}],"about":[{"href":"https:\/\/radioiep.com\/site\/wp-json\/wp\/v2\/types\/page"}],"author":[{"embeddable":true,"href":"https:\/\/radioiep.com\/site\/wp-json\/wp\/v2\/users\/1"}],"replies":[{"embeddable":true,"href":"https:\/\/radioiep.com\/site\/wp-json\/wp\/v2\/comments?post=2866"}],"version-history":[{"count":16,"href":"https:\/\/radioiep.com\/site\/wp-json\/wp\/v2\/pages\/2866\/revisions"}],"predecessor-version":[{"id":3538,"href":"https:\/\/radioiep.com\/site\/wp-json\/wp\/v2\/pages\/2866\/revisions\/3538"}],"wp:attachment":[{"href":"https:\/\/radioiep.com\/site\/wp-json\/wp\/v2\/media?parent=2866"}],"curies":[{"name":"wp","href":"https:\/\/api.w.org\/{rel}","templated":true}]}}